{"id":333,"date":"2015-05-15T13:31:20","date_gmt":"2015-05-15T13:31:20","guid":{"rendered":"http:\/\/luzdesol.com.br\/?page_id=333"},"modified":"2015-05-15T14:17:02","modified_gmt":"2015-05-15T14:17:02","slug":"333-2","status":"publish","type":"page","link":"https:\/\/luzdesol.com.br\/?page_id=333","title":{"rendered":"Montagem . Instala\u00e7\u00e3o . Monitoramento"},"content":{"rendered":"<h4 style=\"text-align: justify;\"><\/h4>\n<p style=\"text-align: justify;\"><a href=\"https:\/\/www.youtube.com\/watch?v=ny5q9ia9IUM\" target=\"_blank\"><img loading=\"lazy\" class=\"  alignleft wp-image-286\" src=\"http:\/\/luzdesol.com.br\/wp-content\/uploads\/2015\/05\/Imagem11-300x181.jpg\" alt=\"Imagem1\" width=\"250\" height=\"151\" srcset=\"https:\/\/luzdesol.com.br\/wp-content\/uploads\/2015\/05\/Imagem11-300x181.jpg 300w, https:\/\/luzdesol.com.br\/wp-content\/uploads\/2015\/05\/Imagem11.jpg 507w\" sizes=\"(max-width: 250px) 100vw, 250px\" \/><\/a><strong>Montagem e instala\u00e7\u00e3o<\/strong><\/p>\n<p style=\"text-align: justify;\">Veja a sequ\u00eancia de montagem de instala\u00e7\u00e3o projetada para gerar 480 kwh\/m\u00eas em Piracicaba \u2013 SP; clique na imagem (<em>link<\/em>) ao lado:<\/p>\n<h3><\/h3>\n<p>&nbsp;<\/p>\n<p style=\"text-align: justify;\"><a href=\"http:\/\/177.39.149.157:90\/INDEX.HTM\" target=\"_blank\"><img loading=\"lazy\" class=\"alignleft wp-image-288\" src=\"http:\/\/luzdesol.com.br\/wp-content\/uploads\/2015\/05\/Imagem3-300x222.jpg\" alt=\"Imagem3\" width=\"250\" height=\"185\" srcset=\"https:\/\/luzdesol.com.br\/wp-content\/uploads\/2015\/05\/Imagem3-300x222.jpg 300w, https:\/\/luzdesol.com.br\/wp-content\/uploads\/2015\/05\/Imagem3.jpg 482w\" sizes=\"(max-width: 250px) 100vw, 250px\" \/><\/a><b>Monitoramento<\/b><\/p>\n<p style=\"text-align: justify;\">Tamb\u00e9m podemos oferecer para sua instala\u00e7\u00e3o um monitoramento <i>on<\/i> <i>line<\/i> e continuo, para o acompanhamento da produ\u00e7\u00e3o di\u00e1ria, mensal e anual at\u00e9 o momento.<\/p>\n<p style=\"text-align: justify;\">Acesse a produ\u00e7\u00e3o de energia de resid\u00eancia em Monte Alto &#8211; SP <i>on<\/i> <i>line<\/i>, projetada para pot\u00eancia de 2,35 KWp e 300 kwh \/m\u00eas, ligada em rede da CPFL desde 01\/08\/2013; clique na imagem (<em>link<\/em>) ao lado e utilize os dados:<\/p>\n<ul>\n<li style=\"text-align: justify;\"><em>User name<\/em>: montesolar<\/li>\n<li style=\"text-align: justify;\"><em>Password<\/em>: montesolar<a href=\"http:\/\/luzdesol.com.br\/wp-content\/uploads\/2015\/05\/Imagem2.jpg\"><img loading=\"lazy\" class=\"wp-image-287 alignright\" src=\"http:\/\/luzdesol.com.br\/wp-content\/uploads\/2015\/05\/Imagem2-237x300.jpg\" alt=\"Imagem2\" width=\"150\" height=\"190\" srcset=\"https:\/\/luzdesol.com.br\/wp-content\/uploads\/2015\/05\/Imagem2-237x300.jpg 237w, https:\/\/luzdesol.com.br\/wp-content\/uploads\/2015\/05\/Imagem2.jpg 380w\" sizes=\"(max-width: 150px) 100vw, 150px\" \/><\/a><\/li>\n<\/ul>\n<p>&nbsp;<\/p>\n<p style=\"text-align: right;\">Equipamento utilizado<\/p>\n<p style=\"text-align: right;\">para o monitoramento da<\/p>\n<p style=\"text-align: right;\">produ\u00e7\u00e3o de energia<\/p>\n","protected":false},"excerpt":{"rendered":"<p>Montagem e instala\u00e7\u00e3o Veja a sequ\u00eancia de montagem de instala\u00e7\u00e3o projetada para gerar 480 kwh\/m\u00eas em Piracicaba \u2013 SP; clique na imagem (link) ao lado: &nbsp; Monitoramento Tamb\u00e9m podemos oferecer para sua instala\u00e7\u00e3o um monitoramento on line e continuo, para o acompanhamento da produ\u00e7\u00e3o di\u00e1ria, mensal e anual at\u00e9 o momento. Acesse a produ\u00e7\u00e3o de [&hellip;]<\/p>\n","protected":false},"author":1,"featured_media":0,"parent":84,"menu_order":0,"comment_status":"closed","ping_status":"closed","template":"","meta":[],"_links":{"self":[{"href":"https:\/\/luzdesol.com.br\/index.php?rest_route=\/wp\/v2\/pages\/333"}],"collection":[{"href":"https:\/\/luzdesol.com.br\/index.php?rest_route=\/wp\/v2\/pages"}],"about":[{"href":"https:\/\/luzdesol.com.br\/index.php?rest_route=\/wp\/v2\/types\/page"}],"author":[{"embeddable":true,"href":"https:\/\/luzdesol.com.br\/index.php?rest_route=\/wp\/v2\/users\/1"}],"replies":[{"embeddable":true,"href":"https:\/\/luzdesol.com.br\/index.php?rest_route=%2Fwp%2Fv2%2Fcomments&post=333"}],"version-history":[{"count":13,"href":"https:\/\/luzdesol.com.br\/index.php?rest_route=\/wp\/v2\/pages\/333\/revisions"}],"predecessor-version":[{"id":350,"href":"https:\/\/luzdesol.com.br\/index.php?rest_route=\/wp\/v2\/pages\/333\/revisions\/350"}],"up":[{"embeddable":true,"href":"https:\/\/luzdesol.com.br\/index.php?rest_route=\/wp\/v2\/pages\/84"}],"wp:attachment":[{"href":"https:\/\/luzdesol.com.br\/index.php?rest_route=%2Fwp%2Fv2%2Fmedia&parent=333"}],"curies":[{"name":"wp","href":"https:\/\/api.w.org\/{rel}","templated":true}]}}